{"id":273,"date":"2021-04-03T08:17:49","date_gmt":"2021-04-03T06:17:49","guid":{"rendered":"https:\/\/zelimvozitibicikl.com\/?page_id=273"},"modified":"2021-04-04T05:38:15","modified_gmt":"2021-04-04T03:38:15","slug":"prometna-ucilica-drzavno-prvenstvo-prvo-mjesto-u-drzavi","status":"publish","type":"page","link":"https:\/\/zelimvozitibicikl.com\/","title":{"rendered":"Naslovnica"},"content":{"rendered":"\n<p class=\"has-text-align-center has-white-color has-vivid-purple-background-color has-text-color has-background\"><strong>PROMETNA U\u010cILICA &#8211; PRVO MJESTO U REPUBLICI HRVATSKOJ <\/strong><\/p>\n\n\n\n<div id=\"block-efeb5849-b981-4a0b-9e80-bc8e2588c7c2\" class=\"wp-block-image is-style-rounded\"><figure class=\"aligncenter\"><img src=\"https:\/\/zelimvozitibicikl.com\/wp-content\/uploads\/2021\/04\/OS_VINICA_2021-2-1024x435.jpg\" alt=\"Ova slika ima prazan alt atribut ; naziv datoteke je OS_VINICA_2021-2-1024x435.jpg\"\/><\/figure><\/div>\n\n\n\n<p id=\"block-3ee21897-86e7-4e9e-abb0-2b98a18fca75\">U\u010denici O\u0160 Vinica na Dr\u017eavnom natjecanju iz \u201ePrometne U\u010dilice\u201c ostvarili su iznimne rezultate. U natjecanje se uklju\u010dilo 134 u\u010denika \u0161kole i svi zajedno su skupljali bodove za \u0161kolu te su u konkurenciju svih prijavljenih \u0161kola Republike Hrvatske&nbsp;<strong>osvojili 1. mjesto i pehar<\/strong>.&nbsp;<\/p>\n\n\n\n<p id=\"block-5ec3fa2a-1d96-4cad-a1fa-19f21d72f09d\">U konkurenciji najboljih razreda Republike Hrvatske u\u010denici<strong>&nbsp;8.a razreda osvojili su 1. mjesto i besplatan izlet<\/strong>, u\u010denici&nbsp;<strong>8.b razreda<\/strong>&nbsp;3. mjesto,&nbsp;<strong>6.b razreda<\/strong>&nbsp;4. mjesto, a&nbsp;<strong>u\u010denici 7.a&nbsp;<\/strong>razreda 7. mjesto u izuzetno zahtjevnoj konkurenciji.<\/p>\n\n\n\n<p id=\"block-fb5b81f8-9ec5-4645-9cb4-17c54d2d7085\">U pojedina\u010dnim konkurencijama po razredima tako\u0111er su u\u010denici O\u0160 Vinica bili najbolji.<\/p>\n\n\n\n<p id=\"block-f23f2e2c-c0c9-42f7-af54-5f94b0c7f8a1\">U prvom razredu&nbsp;1. mjesto osvojio je&nbsp;<strong>Fran Stokrajec<\/strong>; 3. mjesto&nbsp;<strong>Asia Geri\u0107 Hudoletnjak,<\/strong>&nbsp;7. Mjesto&nbsp;<strong>Roko Ku\u017enar<\/strong>.<\/p>\n\n\n\n<p id=\"block-2ffe3f16-b17e-43c5-8db1-47197fe8f62b\">U drugom razredu 1. mjesto osvojio je&nbsp;<strong>Vinko Hrgar<\/strong>.<\/p>\n\n\n\n<p id=\"block-015dad88-3645-47b5-bfcc-ee22aeea88ae\">U tre\u0107em razredu 5. mjesto osvojio je&nbsp;<strong>Benjamin Ian \u0160ipek<\/strong>.<\/p>\n\n\n\n<p id=\"block-cc9293ad-d854-439f-98b8-96ae1ae1635e\">U \u010detvrtom razredu 9. mjesto osvojila je&nbsp;<strong>Sara Spevan<\/strong>.<\/p>\n\n\n\n<p id=\"block-10544b31-464f-4f74-9db2-7566d61ca92f\">U petom razredu 1. mjesto osvojilo je&nbsp;<strong>Simon Krobot<\/strong>.<\/p>\n\n\n\n<p id=\"block-3f092c18-1ce3-4773-80b4-eae06dec98bf\">U \u0161estom razredu 1. mjesto osvojila je&nbsp;<strong>Marta \u0160tromar<\/strong>.<\/p>\n\n\n\n<p id=\"block-faa40802-54ab-48c7-abb5-e12deaa116a6\">U sedmom razredu 1. mjesto osvojila je&nbsp;<strong>Gabriela Krobot,<\/strong>&nbsp;4. mjesto&nbsp;<strong>Lea Spevan,<\/strong>&nbsp;7. mjesto&nbsp;<strong>Aida Geri\u0107 Hudoletnjak,<\/strong>&nbsp;9. mjesto&nbsp;<strong>Sara Luka\u010dek<\/strong>.<\/p>\n\n\n\n<p id=\"block-b236d66e-3650-4750-a2de-4d54dbca1891\">U osmom razredu 1. mjesto osvojio je&nbsp;<strong>Renato&nbsp; Kostanjevec<\/strong>, 2. mjesto osvojio je&nbsp;<strong>Dominik Mikulan<\/strong>, 3. mjesto osvoji je&nbsp;<strong>Leon Martin\u010devi\u0107,<\/strong>&nbsp;6. mjesto&nbsp;<strong>Emma \u0160tromar,<\/strong>&nbsp;8. mjesto&nbsp;<strong>Mihaela Dra\u0161kovi\u0107,<\/strong>&nbsp;9. mjesto&nbsp;<strong>Marjana Ruklji\u0107,<\/strong>&nbsp;10. mjesto&nbsp;<strong>Lana Krajcer.<\/strong><\/p>\n\n\n\n<p id=\"block-8e512d1d-24fd-470b-ac47-f7a1c0cb0432\">U konkurenciji za SuperStar&nbsp;1. mjesto osvojila je&nbsp;&nbsp;<strong>Gabriela Krobot<\/strong>&nbsp;iz 7.a te je nagra\u0111ena&nbsp;glavnom nagradom Playstation 5.<\/p>\n","protected":false},"excerpt":{"rendered":"<p>PROMETNA U\u010cILICA &#8211; PRVO MJESTO U REPUBLICI HRVATSKOJ U\u010denici O\u0160 Vinica na Dr\u017eavnom natjecanju iz \u201ePrometne U\u010dilice\u201c ostvarili su iznimne rezultate. U natjecanje se uklju\u010dilo 134 u\u010denika \u0161kole i svi zajedno su skupljali bodove za \u0161kolu te su u konkurenciju svih prijavljenih \u0161kola Republike Hrvatske&nbsp;osvojili 1. mjesto i pehar.&nbsp; U konkurenciji najboljih razreda Republike Hrvatske &hellip;<br \/><a href=\"https:\/\/zelimvozitibicikl.com\/\" class=\"more-link pen_button pen_element_default pen_icon_arrow_double\">Nastavite \u010ditati <span class=\"screen-reader-text\">Naslovnica<\/span><\/a><\/p>\n","protected":false},"author":2,"featured_media":0,"parent":0,"menu_order":0,"comment_status":"closed","ping_status":"closed","template":"","meta":[],"_links":{"self":[{"href":"https:\/\/zelimvozitibicikl.com\/index.php?rest_route=\/wp\/v2\/pages\/273"}],"collection":[{"href":"https:\/\/zelimvozitibicikl.com\/index.php?rest_route=\/wp\/v2\/pages"}],"about":[{"href":"https:\/\/zelimvozitibicikl.com\/index.php?rest_route=\/wp\/v2\/types\/page"}],"author":[{"embeddable":true,"href":"https:\/\/zelimvozitibicikl.com\/index.php?rest_route=\/wp\/v2\/users\/2"}],"replies":[{"embeddable":true,"href":"https:\/\/zelimvozitibicikl.com\/index.php?rest_route=%2Fwp%2Fv2%2Fcomments&post=273"}],"version-history":[{"count":8,"href":"https:\/\/zelimvozitibicikl.com\/index.php?rest_route=\/wp\/v2\/pages\/273\/revisions"}],"predecessor-version":[{"id":287,"href":"https:\/\/zelimvozitibicikl.com\/index.php?rest_route=\/wp\/v2\/pages\/273\/revisions\/287"}],"wp:attachment":[{"href":"https:\/\/zelimvozitibicikl.com\/index.php?rest_route=%2Fwp%2Fv2%2Fmedia&parent=273"}],"curies":[{"name":"wp","href":"https:\/\/api.w.org\/{rel}","templated":true}]}}